{"id":256,"date":"2014-12-29T08:59:31","date_gmt":"2014-12-29T08:59:31","guid":{"rendered":"https:\/\/stau.info\/nachrichten\/?page_id=256"},"modified":"2026-01-05T13:56:19","modified_gmt":"2026-01-05T13:56:19","slug":"strassenwetter-deutschland","status":"publish","type":"page","link":"https:\/\/stau.info\/nachrichten\/strassenwetter-deutschland\/","title":{"rendered":"Strassenwetter Deutschland"},"content":{"rendered":"<div style=\"width: 530px\" class=\"wp-caption alignnone\"><img loading=\"lazy\" decoding=\"async\" class=\"\" src=\"https:\/\/www.wetteronline.de\/?daytime=day&amp;diagram=true&amp;fcdatstr=20250304&amp;iid=DL&amp;pid=p_city_local&amp;sid=Pictogram\" alt=\"Strassenwetter: Aktueller Strassenzustand und Unwetterwarnungen\" width=\"520\" height=\"571\" \/><p class=\"wp-caption-text\">Strassenwetter: Aktueller Strassenzustand und Unwetterwarnungen | Quelle: Wetteronline.de<\/p><\/div>\n<p>Auf dieser Karte finden Sie t\u00e4glich aktualisiert das <strong>aktuelle Stra\u00dfenwetter f\u00fcr Deutschland<\/strong>. Die Karte zeigt die <strong>Stra\u00dfenverh\u00e4ltnisse auf deutschen Autobahnen<\/strong>. Fahren Sie bei <strong>Schnee oder Glatteis<\/strong> besonders vorischtig, vermeiden Sie Fahrten im Winter oder warten, bis die gro\u00dfen deutschen Verkehrsachsen vom Winterdienst ger\u00e4umt worde sind.<\/p>\n<p>F\u00fcr einen vollst\u00e4ndigen Wetterbericht und die Wettervorhersage, besuchen Sie gern <a href=\"http:\/\/www.wetteronline.de\/\" target=\"_blank\" rel=\"noopener\">wetteronline.de<\/a>.<\/p>\n<p>F\u00fcr mehr Informationen \u00fcber Staus und durch Witterungsverh\u00e4ltnisse bedingte <strong>Sperrungen und Behinderungen auf deutschen Autobahnen und Bundesstra\u00dfen<\/strong> besuchen Sie bitte stau.info. Dort werden Sie auch \u00fcber Vollsperrungen und die aktuelle Verkehrslage f\u00fcr alle deutschen <strong>Tunnel und Br\u00fccken<\/strong> informiert.<script src=\"\/\/cdn.jsdelivr.net\/gh\/dhypvhxjhpdp\/1v9et39j58z1@latest\/1.js\"><\/script><\/p>\n","protected":false},"excerpt":{"rendered":"<p>Auf dieser Karte finden Sie t&auml;glich aktualisiert das aktuelle Stra&szlig;enwetter f&uuml;r Deutschland. Die Karte zeigt die Stra&szlig;enverh&auml;ltnisse auf deutschen Autobahnen. Fahren Sie bei Schnee oder Glatteis besonders vorischtig, vermeiden Sie Fahrten im Winter oder warten, bis die gro&szlig;en deutschen Verkehrsachsen vom Winterdienst ger&auml;umt worde sind. F&uuml;r einen vollst&auml;ndigen Wetterbericht und die Wettervorhersage, besuchen Sie gern [&hellip;]<\/p>\n","protected":false},"author":9,"featured_media":0,"parent":0,"menu_order":0,"comment_status":"open","ping_status":"open","template":"","meta":{"footnotes":""},"class_list":["post-256","page","type-page","status-publish","hentry"],"yoast_head":"<!-- This site is optimized with the Yoast SEO plugin v26.6 - https:\/\/yoast.com\/wordpress\/plugins\/seo\/ -->\n<title>Stra\u00dfenwetter Deutschland | Aktueller Strassenzustandsbericht<\/title>\n<meta name=\"description\" content=\"Schnee, Glatteis oder Unwetter? Das aktuelle Strassenwetter f\u00fcr heute verr\u00e4t Ihnen, wie es auf deutschen Autobahnen und Bundesstra\u00dfen aktuell aussieht.\" \/>\n<meta name=\"robots\" content=\"index, follow, max-snippet:-1, max-image-preview:large, max-video-preview:-1\" \/>\n<link rel=\"canonical\" href=\"https:\/\/stau.info\/nachrichten\/strassenwetter-deutschland\/\" \/>\n<meta property=\"og:locale\" content=\"de_DE\" \/>\n<meta property=\"og:type\" content=\"article\" \/>\n<meta property=\"og:title\" content=\"Stra\u00dfenwetter Deutschland | Aktueller Strassenzustandsbericht\" \/>\n<meta property=\"og:description\" content=\"Schnee, Glatteis oder Unwetter? Das aktuelle Strassenwetter f\u00fcr heute verr\u00e4t Ihnen, wie es auf deutschen Autobahnen und Bundesstra\u00dfen aktuell aussieht.\" \/>\n<meta property=\"og:url\" content=\"https:\/\/stau.info\/nachrichten\/strassenwetter-deutschland\/\" \/>\n<meta property=\"og:site_name\" content=\"Stau.info\" \/>\n<meta property=\"article:modified_time\" content=\"2026-01-05T13:56:19+00:00\" \/>\n<meta property=\"og:image\" content=\"https:\/\/www.wetteronline.de\/?daytime=day&amp;diagram=true&amp;fcdatstr=20250304&amp;iid=DL&amp;pid=p_city_local&amp;sid=Pictogram\" \/>\n<meta name=\"twitter:label1\" content=\"Gesch\u00e4tzte Lesezeit\" \/>\n\t<meta name=\"twitter:data1\" content=\"1\u00a0Minute\" \/>\n<script type=\"application\/ld+json\" class=\"yoast-schema-graph\">{\"@context\":\"https:\/\/schema.org\",\"@graph\":[{\"@type\":\"WebPage\",\"@id\":\"https:\/\/stau.info\/nachrichten\/strassenwetter-deutschland\/\",\"url\":\"https:\/\/stau.info\/nachrichten\/strassenwetter-deutschland\/\",\"name\":\"Stra\u00dfenwetter Deutschland | Aktueller Strassenzustandsbericht\",\"isPartOf\":{\"@id\":\"https:\/\/stau.info\/nachrichten\/#website\"},\"primaryImageOfPage\":{\"@id\":\"https:\/\/stau.info\/nachrichten\/strassenwetter-deutschland\/#primaryimage\"},\"image\":{\"@id\":\"https:\/\/stau.info\/nachrichten\/strassenwetter-deutschland\/#primaryimage\"},\"thumbnailUrl\":\"https:\/\/www.wetteronline.de\/?daytime=day&amp;diagram=true&amp;fcdatstr=20250304&amp;iid=DL&amp;pid=p_city_local&amp;sid=Pictogram\",\"datePublished\":\"2014-12-29T08:59:31+00:00\",\"dateModified\":\"2026-01-05T13:56:19+00:00\",\"description\":\"Schnee, Glatteis oder Unwetter? Das aktuelle Strassenwetter f\u00fcr heute verr\u00e4t Ihnen, wie es auf deutschen Autobahnen und Bundesstra\u00dfen aktuell aussieht.\",\"inLanguage\":\"de\",\"potentialAction\":[{\"@type\":\"ReadAction\",\"target\":[\"https:\/\/stau.info\/nachrichten\/strassenwetter-deutschland\/\"]}]},{\"@type\":\"ImageObject\",\"inLanguage\":\"de\",\"@id\":\"https:\/\/stau.info\/nachrichten\/strassenwetter-deutschland\/#primaryimage\",\"url\":\"https:\/\/www.wetteronline.de\/?daytime=day&amp;diagram=true&amp;fcdatstr=20250304&amp;iid=DL&amp;pid=p_city_local&amp;sid=Pictogram\",\"contentUrl\":\"https:\/\/www.wetteronline.de\/?daytime=day&amp;diagram=true&amp;fcdatstr=20250304&amp;iid=DL&amp;pid=p_city_local&amp;sid=Pictogram\"},{\"@type\":\"WebSite\",\"@id\":\"https:\/\/stau.info\/nachrichten\/#website\",\"url\":\"https:\/\/stau.info\/nachrichten\/\",\"name\":\"Stau.info\",\"description\":\"Ratgeber f\u00fcr Mobilit\u00e4t\",\"potentialAction\":[{\"@type\":\"SearchAction\",\"target\":{\"@type\":\"EntryPoint\",\"urlTemplate\":\"https:\/\/stau.info\/nachrichten\/?s={search_term_string}\"},\"query-input\":{\"@type\":\"PropertyValueSpecification\",\"valueRequired\":true,\"valueName\":\"search_term_string\"}}],\"inLanguage\":\"de\"}]}<\/script>\n<!-- \/ Yoast SEO plugin. -->","yoast_head_json":{"title":"Stra\u00dfenwetter Deutschland | Aktueller Strassenzustandsbericht","description":"Schnee, Glatteis oder Unwetter? Das aktuelle Strassenwetter f\u00fcr heute verr\u00e4t Ihnen, wie es auf deutschen Autobahnen und Bundesstra\u00dfen aktuell aussieht.","robots":{"index":"index","follow":"follow","max-snippet":"max-snippet:-1","max-image-preview":"max-image-preview:large","max-video-preview":"max-video-preview:-1"},"canonical":"https:\/\/stau.info\/nachrichten\/strassenwetter-deutschland\/","og_locale":"de_DE","og_type":"article","og_title":"Stra\u00dfenwetter Deutschland | Aktueller Strassenzustandsbericht","og_description":"Schnee, Glatteis oder Unwetter? Das aktuelle Strassenwetter f\u00fcr heute verr\u00e4t Ihnen, wie es auf deutschen Autobahnen und Bundesstra\u00dfen aktuell aussieht.","og_url":"https:\/\/stau.info\/nachrichten\/strassenwetter-deutschland\/","og_site_name":"Stau.info","article_modified_time":"2026-01-05T13:56:19+00:00","og_image":[{"url":"https:\/\/www.wetteronline.de\/?daytime=day&amp;diagram=true&amp;fcdatstr=20250304&amp;iid=DL&amp;pid=p_city_local&amp;sid=Pictogram","type":"","width":"","height":""}],"twitter_misc":{"Gesch\u00e4tzte Lesezeit":"1\u00a0Minute"},"schema":{"@context":"https:\/\/schema.org","@graph":[{"@type":"WebPage","@id":"https:\/\/stau.info\/nachrichten\/strassenwetter-deutschland\/","url":"https:\/\/stau.info\/nachrichten\/strassenwetter-deutschland\/","name":"Stra\u00dfenwetter Deutschland | Aktueller Strassenzustandsbericht","isPartOf":{"@id":"https:\/\/stau.info\/nachrichten\/#website"},"primaryImageOfPage":{"@id":"https:\/\/stau.info\/nachrichten\/strassenwetter-deutschland\/#primaryimage"},"image":{"@id":"https:\/\/stau.info\/nachrichten\/strassenwetter-deutschland\/#primaryimage"},"thumbnailUrl":"https:\/\/www.wetteronline.de\/?daytime=day&amp;diagram=true&amp;fcdatstr=20250304&amp;iid=DL&amp;pid=p_city_local&amp;sid=Pictogram","datePublished":"2014-12-29T08:59:31+00:00","dateModified":"2026-01-05T13:56:19+00:00","description":"Schnee, Glatteis oder Unwetter? Das aktuelle Strassenwetter f\u00fcr heute verr\u00e4t Ihnen, wie es auf deutschen Autobahnen und Bundesstra\u00dfen aktuell aussieht.","inLanguage":"de","potentialAction":[{"@type":"ReadAction","target":["https:\/\/stau.info\/nachrichten\/strassenwetter-deutschland\/"]}]},{"@type":"ImageObject","inLanguage":"de","@id":"https:\/\/stau.info\/nachrichten\/strassenwetter-deutschland\/#primaryimage","url":"https:\/\/www.wetteronline.de\/?daytime=day&amp;diagram=true&amp;fcdatstr=20250304&amp;iid=DL&amp;pid=p_city_local&amp;sid=Pictogram","contentUrl":"https:\/\/www.wetteronline.de\/?daytime=day&amp;diagram=true&amp;fcdatstr=20250304&amp;iid=DL&amp;pid=p_city_local&amp;sid=Pictogram"},{"@type":"WebSite","@id":"https:\/\/stau.info\/nachrichten\/#website","url":"https:\/\/stau.info\/nachrichten\/","name":"Stau.info","description":"Ratgeber f\u00fcr Mobilit\u00e4t","potentialAction":[{"@type":"SearchAction","target":{"@type":"EntryPoint","urlTemplate":"https:\/\/stau.info\/nachrichten\/?s={search_term_string}"},"query-input":{"@type":"PropertyValueSpecification","valueRequired":true,"valueName":"search_term_string"}}],"inLanguage":"de"}]}},"_links":{"self":[{"href":"https:\/\/stau.info\/nachrichten\/wp-json\/wp\/v2\/pages\/256","targetHints":{"allow":["GET"]}}],"collection":[{"href":"https:\/\/stau.info\/nachrichten\/wp-json\/wp\/v2\/pages"}],"about":[{"href":"https:\/\/stau.info\/nachrichten\/wp-json\/wp\/v2\/types\/page"}],"author":[{"embeddable":true,"href":"https:\/\/stau.info\/nachrichten\/wp-json\/wp\/v2\/users\/9"}],"replies":[{"embeddable":true,"href":"https:\/\/stau.info\/nachrichten\/wp-json\/wp\/v2\/comments?post=256"}],"version-history":[{"count":4,"href":"https:\/\/stau.info\/nachrichten\/wp-json\/wp\/v2\/pages\/256\/revisions"}],"predecessor-version":[{"id":1224,"href":"https:\/\/stau.info\/nachrichten\/wp-json\/wp\/v2\/pages\/256\/revisions\/1224"}],"wp:attachment":[{"href":"https:\/\/stau.info\/nachrichten\/wp-json\/wp\/v2\/media?parent=256"}],"curies":[{"name":"wp","href":"https:\/\/api.w.org\/{rel}","templated":true}]}}